{"id":81,"date":"2017-01-12T17:52:31","date_gmt":"2017-01-12T17:52:31","guid":{"rendered":"https:\/\/bushido-kassel.tox.ninja\/?page_id=81"},"modified":"2025-05-27T20:31:38","modified_gmt":"2025-05-27T18:31:38","slug":"unser-verein","status":"publish","type":"page","link":"https:\/\/bushido-kassel.de\/wordpress\/unser-verein\/","title":{"rendered":"Unser Verein"},"content":{"rendered":"<h2>Alles Wissenswerte und Formelle<\/h2>\n<h3>Mitgliedschaft<\/h3>\n<p>Sie haben jederzeit die M\u00f6glichkeit bei unserem Training vorbeizuschauen um sich dieses anzuschauen. Noch besser: Sie machen mit und testen aktiv ob Ihnen unser Training Spa\u00df macht und Sie dauerhaft bei uns trainieren m\u00f6chten. Alle weiterf\u00fchrenden Informationen finden Sie in unserer Satzung und im Aufnahmeantrag.<\/p>\n<p>Unsere Mitgliedsgeb\u00fchr betr\u00e4gt:<br \/>\n9 \u20ac f\u00fcr Erwachsene<br \/>\n6 \u20ac f\u00fcr Sch\u00fcler, Studenten und Rentner<\/p>\n<p>Die Abbuchung des Beitrages erfolgt monatlich. Die Mitgliedschaft kann zum Ende des laufenden Monats formlos schriftlich gek\u00fcndigt werden.<\/p>\n<h3>Vorstand<\/h3>\n<p><b>1. Vorsitzender:<\/b> Mario Schachtschneider<br \/>\n<b>2. Vorsitzender:<\/b> Susanne Schachtschneider<br \/>\n<b>Kassenwart:<\/b> Andreas Hertenstein<br \/>\n<b>Sportwart:<\/b> Dominik J. Erdmann<br \/>\n<b>Jugend- und Frauenwart:<\/b> Birgit Koch<br \/>\n<b>Kassenpr\u00fcfer:<\/b> Mario Sp\u00e4nhoff, Felicia Schachtschneider<\/p>\n<h3>Gesch\u00e4ftsstelle<\/h3>\n<p>Bushido Kassel c\/o Schachtschneider<br \/>\nBirkenweg 14<br \/>\n34320 S\u00f6hrewald<\/p>\n<p><a href=\"mailto:info@bushido-kassel.de\">info@bushido-kassel.de<\/a><\/p>\n<h3>Satzung<\/h3>\n<h3>Aufnahmeantrag<\/h3>\n<p>Der Aufnahmeantrag wird gern von unseren Trainern ausgeh\u00e4ndigt.<\/p>\n","protected":false},"excerpt":{"rendered":"<p>Alles Wissenswerte und Formelle Mitgliedschaft Sie haben jederzeit die M\u00f6glichkeit bei unserem Training vorbeizuschauen um sich dieses anzuschauen. Noch besser: Sie machen mit und testen aktiv ob Ihnen unser Training Spa\u00df macht und Sie dauerhaft bei uns trainieren m\u00f6chten. Alle weiterf\u00fchrenden Informationen finden Sie in unserer Satzung und im Aufnahmeantrag. Unsere Mitgliedsgeb\u00fchr betr\u00e4gt: 9 \u20ac &hellip; <a href=\"https:\/\/bushido-kassel.de\/wordpress\/unser-verein\/\" class=\"more-link\"><span class=\"screen-reader-text\">\u201eUnser Verein\u201c<\/span> weiterlesen<\/a><\/p>\n","protected":false},"author":1,"featured_media":0,"parent":0,"menu_order":0,"comment_status":"closed","ping_status":"closed","template":"","meta":{"footnotes":""},"_links":{"self":[{"href":"https:\/\/bushido-kassel.de\/wordpress\/wp-json\/wp\/v2\/pages\/81"}],"collection":[{"href":"https:\/\/bushido-kassel.de\/wordpress\/wp-json\/wp\/v2\/pages"}],"about":[{"href":"https:\/\/bushido-kassel.de\/wordpress\/wp-json\/wp\/v2\/types\/page"}],"author":[{"embeddable":true,"href":"https:\/\/bushido-kassel.de\/wordpress\/wp-json\/wp\/v2\/users\/1"}],"replies":[{"embeddable":true,"href":"https:\/\/bushido-kassel.de\/wordpress\/wp-json\/wp\/v2\/comments?post=81"}],"version-history":[{"count":4,"href":"https:\/\/bushido-kassel.de\/wordpress\/wp-json\/wp\/v2\/pages\/81\/revisions"}],"predecessor-version":[{"id":280,"href":"https:\/\/bushido-kassel.de\/wordpress\/wp-json\/wp\/v2\/pages\/81\/revisions\/280"}],"wp:attachment":[{"href":"https:\/\/bushido-kassel.de\/wordpress\/wp-json\/wp\/v2\/media?parent=81"}],"curies":[{"name":"wp","href":"https:\/\/api.w.org\/{rel}","templated":true}]}}